-1001011111010 - 101?
-1001011111111
In base 6, what is -1311 - -2?
-1305
In base 11, what is -18 - -11?
-7
In base 16, what is 47 - 0?
47
In base 6, what is -5 - 501?
-510
In base 16, what is -24d - 2?
-24f
In base 7, what is 2 + -143?
-141
In base 12, what is -3 + -1a?
-21
In base 8, what is -7434 + 3?
-7431
In base 13, what is 1bb + -14?
1a7
In base 11, what is -3 + -7?
-a
In base 14, what is -b38 + 2?
-b36
In base 5, what is -3 + -211?
-214
In base 7, what is -4 - 1054?
-1061
In base 10, what is 10 + -24?
-14
In base 7, what is -13 + -13?
-26
In base 15, what is 7 + -1b?
-14
In base 2, what is 101 + 101101110?
101110011
In base 5, what is -2111 - -1?
-2110
In base 15, what is -1 + 3dd?
3dc
In base 15, what is 12 + 3?
15
In base 15, what is 3 - b5?
-b2
In base 7, what is -12 + -4?
-16
In base 4, what is 11 + -232?
-221
In base 3, what is 101101 - 1000?
100101
In base 13, what is 0 - -15c?
15c
In base 8, what is -20 - 476?
-516
In base 10, what is -5 - -996?
991
In base 3, what is -1112020 + -2?
-1112022
In base 10, what is 29 - 20?
9
In base 3, what is 20111 - 201?
12210
In base 8, what is 361 + -4?
355
In base 10, what is -13 + -81?
-94
In base 15, what is 29 + -3?
26
In base 7, what is 4622 + -1?
4621
In base 15, what is 5219 - -3?
521c
In base 15, what is -3 + 5aa?
5a7
In base 4, what is 21 + 12133?
12220
In base 9, what is -2 + 2048?
2046
In base 12, what is 14 - 7?
9
In base 7, what is 34 - 12?
22
In base 3, what is -120 - 122?
-1012
In base 13, what is -2 - 1a?
-1c
In base 8, what is 2342 + 1?
2343
In base 3, what is -220020 - -122?
-212121
In base 7, what is -30006 + 5?
-30001
In base 3, what is -22 - 10211?
-11010
In base 8, what is 3 - -73?
76
In base 15, what is 7 + -8a?
-83
In base 6, what is -213 - -111?
-102
In base 9, what is 21 - 0?
21
In base 2, what is 1100 - 100?
1000
In base 3, what is 1010010 - -12?
1010022
In base 6, what is 1331 - 2?
1325
In base 4, what is -223 - 231?
-1120
In base 16, what is 3 + -d?
-a
In base 12, what is 3 + 20?
23
In base 12, what is 8aa + -15?
895
In base 7, what is 21411 - -3?
21414
In base 12, what is 638 - -3?
63b
In base 5, what is -2 + -341?
-343
In base 7, what is -1116 + 3?
-1113
In base 13, what is -5 + -1?
-6
In base 7, what is 3520 - 12?
3505
In base 5, what is -4 + -11040?
-11044
In base 4, what is 11 + 111?
122
In base 12, what is b - 2?
9
In base 9, what is 14 + 881?
1005
In base 14, what is -d1 - a?
-db
In base 14, what is 69 + a?
75
In base 2, what is 1110 - 100110110?
-100101000
In base 12, what is -24 + 2?
-22
In base 5, what is -110324 - -20?
-110304
In base 13, what is 293 - 4?
28c
In base 2, what is 1110010001 + -11?
1110001110
In base 16, what is 0 - -411?
411
In base 9, what is 7 - 201?
-183
In base 14, what is 1d95 - 5?
1d90
In base 11, what is -174 - 3?
-177
In base 9, what is 4 + 452?
456
In base 5, what is -103 + -43?
-201
In base 5, what is 12 - 1002?
-440
In base 11, what is -44 - 12?
-56
In base 8, what is 207 + -5?
202
In base 16, what is -537e - -4?
-537a
In base 10, what is -13 + 16?
3
In base 12, what is -39 + 58?
1b
In base 6, what is -2 + -12305?
-12311
In base 2, what is -1 - 10?
-11
In base 15, what is -1e9 - -2?
-1e7
In base 15, what is 5a - -4?
5e
In base 4, what is 2 - -13?
21
In base 15, what is -2 + 320?
31d
In base 14, what is b11 + 4?
b15
In base 14, what is -2 - -429?
427
In base 6, what is -2 - -41?
35
In base 2, what is -111 + 101101?
100110
In base 8, what is -4 + -774?
-1000
In base 8, what is -4 - 11?
-15
In base 14, what is 10 + -1?
d
In base 7, what is -3 + 164?
161
In base 5, what is 1334 - -2?
1341
In base 11, what is -18 - -559?
541
In base 3, what is -20210 - 101?
-21011
In base 10, what is -336 + -3?
-339
In base 4, what is -31 - 2023?
-2120
In base 6, what is -5 - 4?
-13
In base 5, what is -34132 + 4?
-34123
In base 10, what is -5 + -92?
-97
In base 5, what is -3 + 221002?
220444
In base 2, what is -100 - 11001?
-11101
In base 10, what is -42 + -2?
-44
In base 9, what is 4 - 20?
-15
In base 3, what is -1001 - 1112?
-2120
In base 16, what is -5 - 67e?
-683
In base 3, what is 21 + -20111?
-20020
In base 15, what is -2a9 - 5?
-2ae
In base 14, what is -4 + -10?
-14
In base 8, what is 2 - 1200?
-1176
In base 8, what is 66 - -5?
73
In base 2, what is 101000110 + -100?
101000010
In base 7, what is 640 + -2?
635
In base 10, what is 10474 - 0?
10474
In base 4, what is -12 + 10220?
10202
In base 15, what is b7 - 5?
b2
In base 9, what is -2402 - 4?
-2406
In base 11, what is -1 + 356?
355
In base 12, what is 369 - -2?
36b
In base 14, what is -21 + -4?
-25
In base 12, what is 7 + -1b1?
-1a6
In base 2, what is -100 - 1111011?
-1111111
In base 12, what is -21 + -2b0?
-311
In base 6, what is -3 - -255?
252
In base 10, what is -2 + -63?
-65
In base 6, what is -241 - 5?
-250
In base 11, what is -12 - 12?
-24
In base 3, what is 101 + 2?
110
In base 4, what is 120 + -12?
102
In base 4, what is 32 - -31112?
31210
In base 7, what is -1 - 1216?
-1220
In base 16, what is 101e - -5?
1023
In base 12, what is -59 + 1?
-58
In base 16, what is a6 - -2?
a8
In base 8, what is -27 - -14?
-13
In base 2, what is 1000011100 + -100?
1000011000
In base 16, what is -181 - 2?
-183
In base 4, what is 33223 + 3?
33232
In base 11, what is -42 + -2?
-44
In base 3, what is 10001 + 21?
10022
In base 8, what is 1 - -161?
162
In base 11, what is -7583 - 2?
-7585
In base 2, what is 10011100000 - 11?
10011011101
In base 12, what is -2 + 309?
307
In base 16, what is -8 - -42?
3a
In base 8, what is 61 - -3?
64
In base 11, what is -1 - 1222?
-1223
In base 3, what is -101 + -212?
-1020
In base 3, what is 21000102 + 10?
21000112
In base 4, what is -1 + -11120?
-11121
In base 2, what is 11010 - 10010111?
-1111101
In base 14, what is -2 - 389?
-38b
In base 4, what is -111201 + 10?
-111131
In base 2, what is -100 - 10110111?
-10111011
In base 16, what is -1 - b18?
-b19
In base 14, what is 5 + -51?
-4a
In base 11, what is 0 + 576?
576
In base 3, what is -1 - 220210?
-220211
In base 4, what is 10 - -2030?
2100
In base 14, what is 9a + 70?
12a
In base 15, what is 0 + 158?
158
In base 15, what is -4 + -9?
-d
In base 13, what is 153 - -3b?
191
In base 8, what is -15 - 67?
-104
In base 12, what is 191 - -21?
1b2
In base 8, what is -2 + 3272?
3270
In base 2, what is -10 + -100100?
-100110
In base 10, what is 145 - 58?
87
In base 7, what is 44612 - -4?
44616
In base 12, what is -17 + -467?
-482
In base 6, what is -4 + 3104?
3100
In base 8, what is -22 - -140?
116
In base 5, what is -10 + -3302?
-3312
In base 5, what is 13440 - -4?
13444
In base 2, what is -1 - -111110110110?
111110110101
In base 8, what is -5 - -45?
40
In base 5, what is 3 + 1013?
1021
In base 13, what is -332 + 7?
-328
In base 9, what is 12864 + 0?
12864
In base 7, what is 5 - 15?
-10
In base 12, what is 3 - 33?
-30
In base 5, what is -10 + -1132?
-1142
In base 5, what is -10 - 402?
-412
In base 7, what is -1014 + 0?
-1014
In base 4, what is 1011 + -11?
1000
In base 4, what is 1303 + 3?
1312
In base 7, what is -1 - -2631?
2630
In base 7, what is -51 + -31?
-112
In base 3, what is -2 + 1210?
1201
In base 10, what is 5 - -1683?
1688
In base 16, what is 9 - -36f?
378
In base 6, what is 2 + -2502?
-2500
In base 16, what is -1 - -1790?
178f
In base 11, what is -684 - 3?
-687
In base 4, what is 1 - 10200?
-10133
In base 14, what is -3 - 182?
-185
In base 6, what is -13 - 320?
-333
In base 16, what is -12 + -6?
-18
In base 4, what is -11 + -11?
-22
In base 15, what is -6 - 11?
-17
In base 2, what is 110110 + 10001000?
10111110
In base 14, what is -4 - 337?
-33b
In base 12, what is 1b130 - 1?
1b12b
In base 5, what is -1343 + 11?
-1332
In base 16, what is 19d + -2?
19b
In base 4, what is 1 - -13100?
13101
In base 10, what is 80 + -164?
-84
In base 4, what is -120 + 1000?
220
In base 11, what is -4 - 44a?
-453
In base 8, what is -3 + 2366?
2363
In base 4, what is -302 + -2002?
-2310
In base 13, what is -2 + 11?
c
In base 7, what is -23 - -123?
100
In base 12, what is -3b - 11?
-50
In base 6, what is -200423 - 1?
-200424
In base 9, what is -3 - 13?
-16
In base 14, what is a - b4?
-a8
In base 13, what is -13 - 308?
-31b
In base 11, what is 7 - -17?
23
In base 14, what is 4d6 + 5?
4db
In base 3, what is 1122202 + -100?
1122102
In base 9, what 